{"id":10628,"date":"2021-02-08T06:52:38","date_gmt":"2021-02-08T06:52:38","guid":{"rendered":"https:\/\/elementor.mundojoven.com\/info\/?post_type=product&#038;p=10628"},"modified":"2021-05-26T18:28:53","modified_gmt":"2021-05-26T18:28:53","slug":"alejandra-isabelle-torres-llamas","status":"publish","type":"product","link":"https:\/\/promociones.mundojoven.com\/info\/producto\/alejandra-isabelle-torres-llamas","title":{"rendered":"Alejandra Torres"},"content":{"rendered":"<p>Me apasiona hablar de mis experiencias en el extranjero y descubrir nuevo lugares por visitar.<\/p>\n<p>Si un puestito de comida est\u00e1 m\u00e1s lleno que el restaurante, definitivamente hay que visitar el puestito. Viajar es conocer en el tiempo limitado que se tiene otras formas de hacer las cosas, disfrutar la vida, apreciar la belleza, entender este basto mundo. Se puede vacacionar y es v\u00e1lido, todo mundo merece descansar de la mejor manera en su lugar so\u00f1ado, pero viajar es descubrirte a ti mismo en la mirada for\u00e1nea.<\/p>\n","protected":false},"excerpt":{"rendered":"<div class=\"contactoAsesorContainer\">\n<div class=\"contactoAsesorTexto\">\n<p>&#8220;Los viajes se viven tres veces: cuando se planean, cuando se viven y cuando se recuerdan.&#8221;<\/p>\n<\/div>\n<div class=\"contactoAsesorInfo\">\n<div class=\"contactoAsesorCiudadOrigen\"><img src=\"https:\/\/builder.mundojoven.com\/wp-content\/uploads\/2020\/12\/location-sherpa-buscador.svg\" alt=\"Origen\" \/> Le\u00f3n<\/div>\n<div class=\"contactoAsesorCiudadNumero\"><img src=\"https:\/\/builder.mundojoven.com\/wp-content\/uploads\/2020\/12\/mundo-sherpa-buscador.png\" alt=\"Ciudades visitadas\" \/> 15 ciudades<\/div>\n<\/div>\n<\/div>\n","protected":false},"featured_media":10637,"comment_status":"open","ping_status":"closed","template":"","meta":{"inline_featured_image":false},"product_cat":[93],"product_tag":[],"especializacion":[197,195,192,190,194],"idiomas":[],"destinos":[90,181,161,126,168,129,133,134,179,136,137,164,138,162,163,141,143,144,183,117,182,152,155,157],"aioseo_notices":[],"meta_box":[],"_links":{"self":[{"href":"https:\/\/promociones.mundojoven.com\/info\/wp-json\/wp\/v2\/product\/10628"}],"collection":[{"href":"https:\/\/promociones.mundojoven.com\/info\/wp-json\/wp\/v2\/product"}],"about":[{"href":"https:\/\/promociones.mundojoven.com\/info\/wp-json\/wp\/v2\/types\/product"}],"replies":[{"embeddable":true,"href":"https:\/\/promociones.mundojoven.com\/info\/wp-json\/wp\/v2\/comments?post=10628"}],"wp:featuredmedia":[{"embeddable":true,"href":"https:\/\/promociones.mundojoven.com\/info\/wp-json\/wp\/v2\/media\/10637"}],"wp:attachment":[{"href":"https:\/\/promociones.mundojoven.com\/info\/wp-json\/wp\/v2\/media?parent=10628"}],"wp:term":[{"taxonomy":"product_cat","embeddable":true,"href":"https:\/\/promociones.mundojoven.com\/info\/wp-json\/wp\/v2\/product_cat?post=10628"},{"taxonomy":"product_tag","embeddable":true,"href":"https:\/\/promociones.mundojoven.com\/info\/wp-json\/wp\/v2\/product_tag?post=10628"},{"taxonomy":"especializacion","embeddable":true,"href":"https:\/\/promociones.mundojoven.com\/info\/wp-json\/wp\/v2\/especializacion?post=10628"},{"taxonomy":"idiomas","embeddable":true,"href":"https:\/\/promociones.mundojoven.com\/info\/wp-json\/wp\/v2\/idiomas?post=10628"},{"taxonomy":"destinos","embeddable":true,"href":"https:\/\/promociones.mundojoven.com\/info\/wp-json\/wp\/v2\/destinos?post=10628"}],"curies":[{"name":"wp","href":"https:\/\/api.w.org\/{rel}","templated":true}]}}